342?
False
Does 175 divide 11364052?
False
Does 28 divide 2357810280?
True
Is 50 a factor of 44837264?
False
Is 92805534 a multiple of 915?
False
Does 484 divide 581544392?
True
Is 1110 a factor of 24941700?
True
Does 23 divide 1303548?
True
Is 912591115 a multiple of 3035?
True
Is 91 a factor of 36795850?
True
Is 8908416 a multiple of 627?
True
Is 1884768114 a multiple of 246?
True
Does 2018 divide 2771612254?
False
Is 199453123 a multiple of 367?
True
Does 263 divide 2954241095?
False
Is 7 a factor of 70706006?
True
Is 1477439792 a multiple of 1889?
True
Is 286 a factor of 736963084?
True
Is 839 a factor of 29998445?
True
Does 624 divide 68233776?
True
Is 34 a factor of 74812444?
True
Is 34471255 a multiple of 40?
False
Is 27 a factor of 48281724?
True
Is 993315635 a multiple of 31?
False
Is 17826985 a multiple of 1203?
False
Does 1579 divide 30879378?
False
Is 3144562 a multiple of 5?
False
Is 31212655 a multiple of 25?
False
Is 564 a factor of 14251152?
True
Does 213 divide 17867930?
False
Is 9 a factor of 363976875?
True
Does 9 divide 1654190514?
True
Is 35 a factor of 334020402?
False
Does 446 divide 1216670?
False
Is 452 a factor of 15735928?
True
Is 75 a factor of 2529150?
True
Does 5 divide 2947328?
False
Does 19 divide 2955137147?
False
Is 35 a factor of 1441895?
True
Is 106 a factor of 7536600?
True
Is 119686383 a multiple of 9?
True
Does 83 divide 495858103?
False
Is 9 a factor of 34799922?
True
Does 3005 divide 35804480?
False
Does 7 divide 91322119?
True
Is 2805 a factor of 440514030?
True
Is 113 a factor of 138345440?
False
Is 29529273 a multiple of 442?
False
Is 5 a factor of 18891253?
False
Is 225 a factor of 120003525?
True
Is 4540068 a multiple of 11?
False
Is 412 a factor of 346371405?
False
Does 22 divide 2676167?
False
Is 136 a factor of 36458336?
True
Is 14 a factor of 27650312?
False
Does 20 divide 31153031?
False
Does 2623 divide 111988985?
True
Does 1619 divide 27247290?
False
Is 333379386 even?
True
Does 3 divide 94166743?
False
Does 13 divide 52301626?
True
Does 349 divide 73185649?
True
Is 496634 a multiple of 36?
False
Is 41173320 a multiple of 12?
True
Does 45 divide 67261445?
False
Is 18 a factor of 2431602?
True
Is 1475371597 a multiple of 224?
False
Is 823008489 a multiple of 61?
False
Does 138 divide 432432194?
False
Is 23 a factor of 118889093?
True
Is 226 a factor of 348461038?
True
Does 30 divide 28165?
False
Does 89 divide 161404870?
False
Does 163 divide 102059190?
True
Is 101171502 a multiple of 308?
False
Is 113198192 a multiple of 363?
False
Does 2 divide 5626844?
True
Does 50 divide 571920250?
True
Does 1906 divide 67951779?
False
Is 13545741 a multiple of 11?
True
Is 694793982 a multiple of 1263?
True
Does 29 divide 144846787?
False
Is 1307 a factor of 1558855036?
False
Is 34295242 a multiple of 241?
False
Does 21 divide 177005496?
False
Is 18 a factor of 16253083?
False
Does 23 divide 37749794?
False
Is 191957553 a multiple of 2053?
True
Does 847 divide 62044444?
True
Is 2866232382 a multiple of 36?
False
Is 164 a factor of 673455504?
True
Does 7 divide 254886913?
False
Is 63174875 even?
False
Does 4194 divide 1429705242?
True
Is 727815698 a multiple of 186?
False
Is 357 a factor of 155356404?
True
Is 214 a factor of 4112437?
False
Is 150 a factor of 15687510?
False
Is 253836320 a multiple of 179?
True
Is 4503 a factor of 33245649?
True
Does 5759 divide 89354189?
False
Does 38 divide 247504455?
False
Does 3 divide 4209855?
True
Is 784780542 a multiple of 189?
True
Does 43 divide 10399851?
True
Does 214 divide 16201726?
True
Is 42721791 a multiple of 7?
True
Is 15 a factor of 66092998?
False
Does 315 divide 7336665?
True
Does 620 divide 632267940?
True
Does 273 divide 166830300?
True
Does 464 divide 202815328?
True
Is 89315425 a multiple of 79?
True
Does 2359 divide 853638291?
False
Does 599 divide 294626536?
True
Is 32814800 a multiple of 200?
True
Does 133 divide 12494285?
False
Does 20 divide 402360400?
True
Is 14636856 a multiple of 516?
True
Does 407 divide 116766638?
False
Is 327 a factor of 32908709?
False
Is 237169000 a multiple of 125?
True
Is 564 a factor of 50297520?
True
Is 808876575 a multiple of 182?
False
Is 22 a factor of 326111266?
False
Does 3 divide 3965715?
True
Is 3153 a factor of 31060203?
True
Is 217 a factor of 387456972?
True
Is 13 a factor of 921726?
True
Is 237 a factor of 57406614?
True
Is 7977079 a multiple of 6?
False
Is 128100161 a multiple of 5?
False
Is 1317364955 a multiple of 171?
False
Is 35579481 a multiple of 431?
True
Is 14241668 a multiple of 406?
True
Is 4391 a factor of 733800150?
False
Is 40 a factor of 1061647370?
False
Is 20607842 a multiple of 3?
False
Does 19 divide 30088818?
True
Is 786 a factor of 11036226?
True
Is 1403 a factor of 539139871?
False
Does 24 divide 692826816?
True
Does 19 divide 1146551308?
False
Is 214 a factor of 146428002?
True
Is 471 a factor of 31028485?
False
Does 677 divide 635022615?
True
Is 567154046 a multiple of 57?
False
Is 5 a factor of 8425009?
False
Is 18606530 a multiple of 10?
True
Is 84661235 a multiple of 2?
False
Is 750243004 a multiple of 14?
True
Is 1999191945 a multiple of 3897?
False
Is 48 a factor of 71021424?
True
Is 567645083 a multiple of 37?
True
Does 1865 divide 28340540?
True
Is 17 a factor of 13468862?
True
Does 12 divide 1209709234?
False
Does 83 divide 11441631?
False
Does 3583 divide 105499572?
False
Is 194703264 a multiple of 2352?
True
Is 286 a factor of 67623556?
True
Is 739668708 a multiple of 12?
True
Is 36559144 a multiple of 859?
False
Does 150 divide 16168800?
True
Is 322775952 a multiple of 390?
False
Does 247 divide 41864771?
True
Is 7973975 a multiple of 155?
True
Is 21 a factor of 124040070?
True
Is 5879196570 a multiple of 30?
True
Is 742305172 a multiple of 429?
False
Does 18 divide 2343770771?
False
Is 154352027 a multiple of 246?
False
Does 1079 divide 2337423673?
True
Is 157313952 a multiple of 16?
True
Is 1582774555 a multiple of 97?
False
Is 22501749 a multiple of 187?
False
Is 5 a factor of 628795897?
False
Is 102 a factor of 32625684?
False
Is 1372650913 a multiple of 29?
False
Does 25 divide 14063666?
False
Does 923 divide 16052278?
False
Does 1320 divide 24932615?
False
Is 8394734 a multiple of 7?
False
Is 18 a factor of 16533258?
False
Does 1370 divide 274317840?
True
Does 1164 divide 90980568?
True
Is 1334 a factor of 634031524?
True
Is 1782689325 a multiple of 5?
True
Does 716 divide 2393217828?
True
Is 378 a factor of 420567026?
False
Is 741 a factor of 1072674148?
False
Does 48 divide 234271786?
False
Is 543 a factor of 14783089?
False
Is 6103623 a multiple of 15?
False
Does 647 divide 11992964?
False
Is 7 a factor of 7212058?
True
Does 578 divide 85504696?
True
Does 1100 divide 14316500?
True
Is 232944060 a multiple of 30?
True
Does 5 divide 1896669?
False
Is 18 a factor of 6683958?
True
Is 14 a factor of 393716547?
False
Does 4 divide 25008407?
False
Is 45757775 a multiple of 81?
False
Is 7830492 a multiple of 24?
False
Is 236329434 a multiple of 156?
False
Is 63 a factor of 1550691513?
True
Does 28 divide 79621928?
False
Is 40 a factor of 438424856?
False
Is 617512130 a multiple of 4159?
False
Is 2 a factor of 84231662?
True
Is 99 a factor of 22884870?
False
Is 86278440 a multiple of 2388?
True
Is 4332016890 a multiple of 18?
True
Is 289 a factor of 3514134515?
True
Does 30 divide 87242920?
False
Is 40161576 a multiple of 67?
False
Is 61 a factor of 14411616?
True
Is 255311692 a multiple of 17?
False
Is 43354168 a multiple of 572?
True
Does 165 divide 7043967?
False
Is 506937699 a multiple of 1493?
True
Does 12 divide 142265866?
False
Does 99 divide 21564477?
True
Is 128651168 a multiple of 32?
True
Does 807 divide 3524290?
False
Does 16 divide 57627904?
True
Is 1944 a factor of 1020102336?
True
Is 3208 a factor of 347169760?
True
Is 186082973 a multiple of 43?
True
Does 73 divide 55424082?
True
Does 67 divide 188661960?
False
Does 39 divide 17591730?
True
Is 596139918 a multiple of 187?
True
Does 1928 divide 585791852?
False
Is 2549 a factor of 173278398?
False
Is 23 a factor of 13581551?
False
Is 16742627 a multiple of 16?
False
Is 54 a factor of 31477283?
False
Is 35159783 a multiple of 63?
False
Is 2542 a factor of 192336139?
False
Does 97 divide 57417113?
True
D